{"id":21406,"date":"2023-02-14T17:28:21","date_gmt":"2023-02-14T15:28:21","guid":{"rendered":"https:\/\/magazin.lions.md\/?page_id=21406"},"modified":"2025-12-19T12:48:45","modified_gmt":"2025-12-19T10:48:45","slug":"politica-de-confidentialitate","status":"publish","type":"page","link":"https:\/\/magazin.lions.md\/index.php\/politica-de-confidentialitate\/","title":{"rendered":"Politica de confiden\u021bialitate"},"content":{"rendered":"\t\t<div data-elementor-type=\"wp-page\" data-elementor-id=\"21406\" class=\"elementor elementor-21406\" data-elementor-post-type=\"page\">\n\t\t\t\t\t\t<section class=\"elementor-section elementor-top-section elementor-element elementor-element-2ab5010 elementor-section-boxed elementor-section-height-default elementor-section-height-default\" data-id=\"2ab5010\" data-element_type=\"section\" data-e-type=\"section\" data-settings=\"{&quot;ekit_has_onepagescroll_dot&quot;:&quot;yes&quot;}\">\n\t\t\t\t\t\t<div class=\"elementor-container elementor-column-gap-default\">\n\t\t\t\t\t<div class=\"elementor-column elementor-col-100 elementor-top-column elementor-element elementor-element-daeb215\" data-id=\"daeb215\" data-element_type=\"column\" data-e-type=\"column\">\n\t\t\t<div class=\"elementor-widget-wrap elementor-element-populated\">\n\t\t\t\t\t\t<div class=\"elementor-element elementor-element-9cb2ae7 elementor-widget elementor-widget-text-editor\" data-id=\"9cb2ae7\" data-element_type=\"widget\" data-e-type=\"widget\" data-settings=\"{&quot;ekit_we_effect_on&quot;:&quot;none&quot;}\" data-widget_type=\"text-editor.default\">\n\t\t\t\t<div class=\"elementor-widget-container\">\n\t\t\t\t\t\t\t\t\t<div data-id=\"1abbca6\" data-element_type=\"widget\" data-widget_type=\"heading.default\">\n<div>\n<h3 style=\"text-align: center;\">Denumirea complet\u0103 a companiei <span style=\"text-decoration: underline;\">&#8222;CVIORS&#8221; S.R.L<\/span><\/h3>\n<\/div>\n<\/div>\n<h5 style=\"text-align: center;\"><a href=\"http:\/\/www.magazin.lions.md\">www.magazin.lions.md<\/a> este un magazin online ce presteaz\u0103 servicii de v\u00e2nzare a bijuteriilor din aur \u0219i argint.<\/h5>\n<p><strong>Elemente esen\u021biale de identificare ale persoanei juridice<\/strong><\/p>\n<ol>\n<li>a) Persoana juridic\u0103: \u201cCviors\u201d S.R.L.<\/li>\n<li>b) Numa\u0306rul de identificare de stat (IDNO) : 1003600063830<\/li>\n<li>c) Adresa juridica\u0306: Chi\u0219in\u0103u, str.\u0218tefan cel Mare 132, <a href=\"mailto:support@lions.md\">support@lions.md<\/a> +37376767675<\/li>\n<li>d) Extras din Registrul de stat al persoanelor juridice 9347 din 07.06.2019, eliberat de c\u0103tre I.P. Agen\u021bia Servicii Publice<\/li>\n<li>e) Codul TVA: 0207983<\/li>\n<li>f)&nbsp;Notificare de comer\u021b num\u0103r:&nbsp;P-10080\/2020.&nbsp;Eliberat de direc\u021bia general\u0103 comer\u021b , alimenta\u021bie \u0219i prest\u0103ri servicii.<\/li>\n<\/ol>\n<ol>\n<li><strong>Securitatea datelor cu caracter personal<\/strong><\/li>\n<\/ol>\n<p>Compania \u201cCviors\u201d S.R.L, colecteaz\u0103, prelucreaz\u0103 \u0219i utilizeaz\u0103 datele cu caracter personal ale clien\u021bilor \u00een conformitate cu cerin\u021bele legale pentru furnizarea serviciilor solicitate \u0219i cu acordul acestora. Politica de confiden\u021bialitate a companiei garanteaz\u0103 conformitatea cu prevederile legisla\u021biei aplicabile \u00een prelucrarea datelor personale. Datele cu caracter personal aferente opera\u021biunii de plat\u0103 vor fi colectate \u0219i prelucrate, f\u0103r\u0103 a se limita la urm\u0103toarele informa\u021bii: adresa IP a clientului, numele \u0219i prenumele clientului, num\u0103rul de telefon al clientului, tipul cardului, numele clientului indicat pe card, adresa de e-mail a clientului, valuta tranzac\u021biei \u0219i informa\u021bii despre livrare.<\/p>\n<ol start=\"2\">\n<li><strong>Serviciul suport<\/strong><\/li>\n<\/ol>\n<p><a href=\"http:\/\/www.magazin.lions.md\">www.magazin.lions.md<\/a> pune la dispozi\u021bia clien\u021bilor s\u0103i Serviciul de Suport prin telefon la num\u0103rul +37376767675. Zilele de lucru ale Serviciului de Suport sunt luni-duminic\u0103, iar programul de lucru este de la orele 10:00-20:00. Acest serviciu ofer\u0103 consultan\u021b\u0103 clien\u021bilor cu privire la m\u0103rfurile \u0219i serviciile oferite de magazinul electronic, modalit\u0103\u021bile de plat\u0103, livrare \u0219i anulare a tranzac\u021biilor. Serviciul de Suport este obligat s\u0103 primeasc\u0103 reclama\u021biile cump\u0103r\u0103torilor, s\u0103 \u00eei informeze cu privire la statutul procesului de investigare a reclama\u021biilor \u0219i s\u0103 se asigure c\u0103 acestea sunt investigate \u00een mod corespunz\u0103tor.<\/p>\n<ol start=\"3\">\n<li><strong>Cum efectu\u0103m cump\u0103r\u0103turile? Tehnologia achizi\u021bion\u0103rii<\/strong><\/li>\n<\/ol>\n<p>Pentru a achizi\u021biona produsul dorit, selecta\u021bi cantitatea \u0219i tipul de produs de pe pagina acestuia. Apoi, ap\u0103sa\u021bi butonul &#8222;ADAUG\u0102 \u00ceN CO\u0218&#8221;, care este disponibil sub imaginile produsului. Produsul va fi acum ad\u0103ugat \u00een &#8222;CO\u0218UL DE CUMP\u0102R\u0102TURI&#8221;, care poate fi accesat din col\u021bul din dreapta sus al paginii. Trece\u021bi cu mouse-ul peste link sau face\u021bi clic pentru a accesa &#8222;CO\u0218UL DE CUMP\u0102R\u0102TURI&#8221;. Pentru a continua cu comanda, edita\u021bi sau face\u021bi clic pe butonul &#8222;COMAND\u0102&#8221;.<\/p>\n<p>Introduce\u021bi datele de contact \u0219i livrare a m\u0103rfii;<\/p>\n<p>Adresa de e-mail a cump\u0103r\u0103torului;<\/p>\n<p>Num\u0103rul de telefon al cump\u0103r\u0103torului;<\/p>\n<p>\u00cen cazul \u00een care v\u00e2nzarea implic\u0103 livrarea, sunt necesare datele necesare pentru a asigura livrarea cu succes:<\/p>\n<ul>\n<li>adresa de livrare;<\/li>\n<li>numele, prenumele \u0219i num\u0103rul de telefon al destinatarului, \u00een cazul \u00een care acesta este diferit de cump\u0103r\u0103tor.<\/li>\n<\/ul>\n<p>Dup\u0103 aceea, este necesar s\u0103 selecta\u021bi metoda de plat\u0103. Face\u021bi clic pe &#8222;CONTINU\u0102&#8221; pentru a continua pe platforma de plat\u0103 securizat\u0103.<\/p>\n<p>Ofertele sau informa\u021biile referitoare la bunurile propuse spre v\u00e2nzare sunt prezentate \u00een format electronic pe pagina web <a href=\"http:\/\/www.magazin.lions.md\">www.magazin.lions.md<\/a> \u0219i sunt valabile p\u00e2n\u0103 la momentul ini\u021bierii opera\u021biunii de plat\u0103.<\/p>\n<p>Ofertele nu pot fi modificate \u0219i\/sau retrase dup\u0103 acceptarea acestora de c\u0103tre client \u0219i finalizarea opera\u021biunii de plat\u0103. Oferta se consider\u0103 acceptat\u0103 de c\u0103tre cump\u0103r\u0103tor \u00een momentul \u00een care acesta accept\u0103 condi\u021biile de plat\u0103, ap\u0103s\u00e2nd butonul &#8222;click&#8221; pentru a continua pe platforma de plat\u0103 securizat\u0103.<\/p>\n<ol start=\"4\">\n<li><strong>Cum pl\u0103tim? Tehnologia efectu\u0103rii tranzac\u021biei de plat\u0103<\/strong><\/li>\n<\/ol>\n<p>\u00cenainte de a finaliza opera\u021biunea de plat\u0103, to\u021bi parametrii \u0219i condi\u021biile de baz\u0103 ale v\u00e2nz\u0103rii direc\u021bionate spre achitare trebuie s\u0103 fie puse la dispozi\u021bia cump\u0103r\u0103torului, inclusiv identificatorul unic al comenzii, pre\u021bul \u0219i cantitatea fiec\u0103rui produs\/serviciu din cadrul tranzac\u021biei. \u00cen cazul \u00een care tranzac\u021bia presupune livrare, trebuie specificate condi\u021biile de livrare \u0219i datele de livrare, inclusiv pre\u021bul livr\u0103rii dac\u0103 se aplic\u0103. De asemenea, trebuie specificate verific\u0103rile necesare ale documentelor Destinatarului la predarea coletului \u0219i alte pl\u0103\u021bi care se aplic\u0103 \u00een cadrul tranzac\u021biei.<\/p>\n<p>\u00cenainte de ini\u021bierea tranzac\u021biei de plat\u0103, cump\u0103r\u0103torul trebuie s\u0103 fie de acord cu condi\u021biile comerciale prin bifarea punctului corespunz\u0103tor. Plata poate fi efectuat\u0103 prin intermediul instrumentelor de plat\u0103 oferite de Paynet Service SRL. Produsele comandate trebuie achitate integral, altfel livrarea nu va fi efectuat\u0103.<\/p>\n<p>Site-ul <a href=\"http:\/\/www.magazin.lions.md\">www.magazin.lions.md<\/a> este securizat, iar compania nu p\u0103streaz\u0103 datele personale, contului sau cardului folosite \u00een efectuarea unei tranzac\u021bii online.<\/p>\n<ol start=\"5\">\n<li><strong>Livrare \u0219i returnare<\/strong><\/li>\n<\/ol>\n<p><a href=\"http:\/\/www.magazin.lions.md\">www.magazin.lions.md<\/a> folose\u0219te serviciile proprii de curierat<\/p>\n<p><strong><em>Livrare \u00een Chi\u0219in\u0103u<\/em><\/strong><\/p>\n<p>Livrarea este gratuit\u0103 \u00een cazul \u00een care suma cump\u0103r\u0103turii dep\u0103\u0219e\u0219te 5000.00 MDL. \u00cen caz contrar, costul livr\u0103rii este de 100.00 MDL.<\/p>\n<p>Termenii de livrare pentru comenzile plasate sunt de p\u00e2n\u0103 la 3 zile lucr\u0103toare, calculate din momentul recep\u021bion\u0103rii pre\u021bului. Orice modificare sau re\u021binere a termenilor de livrare vor fi comunicate clientului prin intermediul adresei de email.<\/p>\n<p><strong><em>Livrare pe teritoriul Republicii Moldova<\/em><\/strong><\/p>\n<p>Termenii de livrare pentru centrele raionale din republic\u0103 sunt de p\u00e2n\u0103 la 3 zile lucr\u0103toare.<\/p>\n<p><strong><em><u>Returnare<\/u><\/em><\/strong><\/p>\n<p>\u00cen cazul \u00een care livrarea este imposibil\u0103 \/ nu a fost efectuat\u0103 \u00een limitele termenului maxim \/ nu a fost efectuat\u0103 \u00een termen de 30 (treizeci) zile din data confirm\u0103rii Opera\u021biunii de plat\u0103 respective, <a href=\"http:\/\/www.magazin.lions.md\">www.magazin.lions.md<\/a> este obligat s\u0103 ini\u0163ieze Revocarea Opera\u021biunii de plat\u0103\/Tranzac\u0163ie respective, cu excep\u0163ia situa\u0163iilor \u00een care a fost primit de la Cump\u0103r\u0103tor acordul expres \u00een scris cu privire la prelungirea termenului de livrare.<\/p>\n<p>Magazinul electronic <a href=\"http:\/\/www.magazin.lions.md\">www.magazin.lions.md<\/a> sau Cump\u0103r\u0103torul are posibilitatea s\u0103 ini\u0163ieze at\u00e2t Revocarea Opera\u021biunii de plat\u0103\/Tranzac\u021biei \u00een sum\u0103 total\u0103, c\u00e2t \u015fi \u00een sum\u0103 par\u0163ial\u0103, reie\u015find din natura \u015fi cauza revoc\u0103rii.<\/p>\n<p>Clientul dispune de dreptul ca, \u00een decursul a 14 zile de la primirea bunului, s\u0103 \u00eel schimbe la locul cump\u0103r\u0103rii, cu un bun similar de o alt\u0103 m\u0103rime, form\u0103, model, cu efectuarea \u00een caz de diferen\u021b\u0103 de pre\u021b a recalcul\u0103rii. Locul cump\u0103r\u0103rii se consider\u0103 sediul v\u00e2nz\u0103torului: mun.Chi\u0219in\u0103u, str.\u0218tefan cel Mare 132.<\/p>\n<p>Dac\u0103 bunul necesar pentru schimb nu este disponibil, consumatorul are dreptul s\u0103 declare rezolu\u021biunea v\u00e2nz\u0103rii-cump\u0103r\u0103rii \u0219i s\u0103 restituie bunul cump\u0103rat, iar <a href=\"http:\/\/www.magazin.lions.md\">www.magazin.lions.md<\/a> este obligat\u0103 s\u0103 \u00eei restituie suma pl\u0103tit\u0103.<\/p>\n<p>Cererea de schimb a bunului sau declara\u021bia de rezolu\u021biune poate fi f\u0103cut\u0103 doar dac\u0103 bunul nu a fost utilizat, nu i-au fost pierdute sau modificate calit\u0103\u021bile \u0219i este prezentat\u0103 dovada cump\u0103r\u0103rii de la <a href=\"http:\/\/www.magazin.lions.md\">www.magazin.lions.md<\/a><\/p>\n<p>Clientul poate solicita revocarea opera\u021biunii de plat\u0103 p\u00e2n\u0103 la livrarea bunului cump\u0103rat.<\/p>\n<p>\u00cen cazul revoc\u0103rii pl\u0103\u021bii, <a href=\"http:\/\/www.magazin.lions.md\">www.magazin.lions.md<\/a> va restitui mijloacele b\u0103ne\u0219ti \u00een contul clientului \u00een termen de 5 zile lucr\u0103toare.<\/p>\n<ol start=\"6\">\n<li><strong>Politica de confiden\u021bialitate<\/strong><\/li>\n<\/ol>\n<p>Politica noastr\u0103 de confiden\u021bialitate este esen\u021bial\u0103 pentru a ne asigura c\u0103 datele clien\u021bilor no\u0219tri sunt protejate \u0219i utilizate \u00een mod responsabil. La <a href=\"http:\/\/www.magazin.lions.md\">www.magazin.lions.md<\/a> &nbsp;ne angaj\u0103m s\u0103 respect\u0103m confiden\u021bialitatea \u0219i securitatea datelor clien\u021bilor \u0219i s\u0103 ne asigur\u0103m c\u0103 informa\u021biile personale pe care le colect\u0103m sunt utilizate numai \u00een scopurile pentru care au fost colectate. \u00cen cazul \u00een care facem actualiz\u0103ri ale politicii noastre de confiden\u021bialitate, vom posta aceste modific\u0103ri pe aceast\u0103 pagin\u0103. Ne rezerv\u0103m dreptul de a modifica aceast\u0103 politic\u0103 \u00een orice moment, astfel \u00eenc\u00e2t s\u0103 v\u0103 recomand\u0103m s\u0103 verifica\u021bi aceast\u0103 pagin\u0103 periodic pentru a fi la curent cu orice modificare.<\/p>\n<ol start=\"7\">\n<li><strong>Dispozi\u021bii finale \u0219i judiciare<\/strong><\/li>\n<\/ol>\n<p>Orice litigiu legat de utilizarea acestui serviciu va fi solu\u021bionat\u0103 prin intermediul unei solu\u021bii amiabile. \u00cen cazul \u00een care apar conflicte \u00een timpul procesului de achizi\u021bionare, plat\u0103 sau livrare a produselor cump\u0103rate de la&nbsp; <a href=\"http:\/\/www.magazin.lions.md\">www.magazin.lions.md<\/a> &nbsp;\u0219i care nu sunt reglementate \u00een acest acord, acestea vor fi solu\u021bionate prin intermediul unei solu\u021bii amiabile, \u00een termen de 30 de zile lucr\u0103toare de la data primirii notific\u0103rii \u00een scris cu privire la problema \u00een cauz\u0103.<\/p>\n<p>\u00cen cazul \u00een care litigiul nu poate fi solu\u021bionat pe cale amiabil\u0103, rela\u021biile dintre p\u0103r\u021bi vor fi reglementate de normele juridice \u0219i legisla\u021bia \u00een vigoare a Republicii Moldova. Prin acceptarea acestor termeni \u0219i condi\u021bii, clientul \u00ee\u0219i asum\u0103 \u00eentregul risc.<\/p>\n<p>Drepturile clientului sunt protejate de lege, iar orice reclama\u021bie privind \u00eenc\u0103lcarea drepturilor clientului \u00een cadrul procesului de v\u00e2nzare-cump\u0103rare realizat \u00een magazinul online <a href=\"http:\/\/www.magazin.lions.md\">www.magazin.lions.md<\/a> poate fi f\u0103cut\u0103 c\u0103tre Inspectoratul de Stat pentru Supravegherea Produselor Nealimentare \u0219i Protec\u021bia Consumatorilor, la num\u0103rul de telefon <a href=\"tel:022515151\">022&nbsp;&nbsp;51 51 51<\/a> sau la adresa paginii web oficiale https:\/\/consumator.gov.md\/rom.<\/p>\t\t\t\t\t\t\t\t<\/div>\n\t\t\t\t<\/div>\n\t\t\t\t\t<\/div>\n\t\t<\/div>\n\t\t\t\t\t<\/div>\n\t\t<\/section>\n\t\t\t\t<\/div>\n\t\t","protected":false},"excerpt":{"rendered":"<p>Denumirea complet\u0103 a companiei &#8222;CVIORS&#8221; S.R.L www.magazin.lions.md este un magazin online ce presteaz\u0103 servicii de v\u00e2nzare a bijuteriilor din aur \u0219i argint. Elemente esen\u021biale de identificare ale persoanei juridice a) Persoana juridic\u0103: \u201cCviors\u201d S.R.L. b) Numa\u0306rul de identificare de stat (IDNO) : 1003600063830 c) Adresa juridica\u0306: Chi\u0219in\u0103u, str.\u0218tefan cel Mare 132, support@lions.md +37376767675 d) Extras [&hellip;]<\/p>\n","protected":false},"author":1,"featured_media":0,"parent":0,"menu_order":0,"comment_status":"closed","ping_status":"closed","template":"","meta":{"footnotes":""},"class_list":["post-21406","page","type-page","status-publish","hentry"],"yoast_head":"<!-- This site is optimized with the Yoast SEO plugin v27.4 - https:\/\/yoast.com\/product\/yoast-seo-wordpress\/ -->\n<title>Politica de confiden\u021bialitate \u2013 magazin.lions.md<\/title>\n<meta name=\"description\" content=\"Afl\u0103 cum magazin.lions.md colecteaz\u0103, utilizeaz\u0103 \u0219i protejeaz\u0103 datele personale ale clien\u021bilor, \u00een conformitate cu GDPR.\" \/>\n<meta name=\"robots\" content=\"index, follow, max-snippet:-1, max-image-preview:large, max-video-preview:-1\" \/>\n<link rel=\"canonical\" href=\"https:\/\/magazin.lions.md\/index.php\/politica-de-confidentialitate\/\" \/>\n<meta property=\"og:locale\" content=\"ro_RO\" \/>\n<meta property=\"og:type\" content=\"article\" \/>\n<meta property=\"og:title\" content=\"Politica de confiden\u021bialitate \u2013 magazin.lions.md\" \/>\n<meta property=\"og:description\" content=\"Afl\u0103 cum magazin.lions.md colecteaz\u0103, utilizeaz\u0103 \u0219i protejeaz\u0103 datele personale ale clien\u021bilor, \u00een conformitate cu GDPR.\" \/>\n<meta property=\"og:url\" content=\"https:\/\/magazin.lions.md\/index.php\/politica-de-confidentialitate\/\" \/>\n<meta property=\"og:site_name\" content=\"Magazin Lions\" \/>\n<meta property=\"article:publisher\" content=\"https:\/\/www.facebook.com\/share\/1CGxaBPpsm\/?mibextid=wwXIfr\" \/>\n<meta property=\"article:modified_time\" content=\"2025-12-19T10:48:45+00:00\" \/>\n<meta name=\"twitter:card\" content=\"summary_large_image\" \/>\n<meta name=\"twitter:label1\" content=\"Timp estimat pentru citire\" \/>\n\t<meta name=\"twitter:data1\" content=\"7 minute\" \/>\n<script type=\"application\/ld+json\" class=\"yoast-schema-graph\">{\"@context\":\"https:\\\/\\\/schema.org\",\"@graph\":[{\"@type\":\"WebPage\",\"@id\":\"https:\\\/\\\/magazin.lions.md\\\/index.php\\\/politica-de-confidentialitate\\\/\",\"url\":\"https:\\\/\\\/magazin.lions.md\\\/index.php\\\/politica-de-confidentialitate\\\/\",\"name\":\"Politica de confiden\u021bialitate \u2013 magazin.lions.md\",\"isPartOf\":{\"@id\":\"https:\\\/\\\/magazin.lions.md\\\/#website\"},\"datePublished\":\"2023-02-14T15:28:21+00:00\",\"dateModified\":\"2025-12-19T10:48:45+00:00\",\"description\":\"Afl\u0103 cum magazin.lions.md colecteaz\u0103, utilizeaz\u0103 \u0219i protejeaz\u0103 datele personale ale clien\u021bilor, \u00een conformitate cu GDPR.\",\"breadcrumb\":{\"@id\":\"https:\\\/\\\/magazin.lions.md\\\/index.php\\\/politica-de-confidentialitate\\\/#breadcrumb\"},\"inLanguage\":\"ro-RO\",\"potentialAction\":[{\"@type\":\"ReadAction\",\"target\":[\"https:\\\/\\\/magazin.lions.md\\\/index.php\\\/politica-de-confidentialitate\\\/\"]}]},{\"@type\":\"BreadcrumbList\",\"@id\":\"https:\\\/\\\/magazin.lions.md\\\/index.php\\\/politica-de-confidentialitate\\\/#breadcrumb\",\"itemListElement\":[{\"@type\":\"ListItem\",\"position\":1,\"name\":\"Prima pagin\u0103\",\"item\":\"https:\\\/\\\/magazin.lions.md\\\/\"},{\"@type\":\"ListItem\",\"position\":2,\"name\":\"Politica de confiden\u021bialitate\"}]},{\"@type\":\"WebSite\",\"@id\":\"https:\\\/\\\/magazin.lions.md\\\/#website\",\"url\":\"https:\\\/\\\/magazin.lions.md\\\/\",\"name\":\"Magazin Lions\",\"description\":\"Magazin de bijuterie\",\"publisher\":{\"@id\":\"https:\\\/\\\/magazin.lions.md\\\/#organization\"},\"potentialAction\":[{\"@type\":\"SearchAction\",\"target\":{\"@type\":\"EntryPoint\",\"urlTemplate\":\"https:\\\/\\\/magazin.lions.md\\\/?s={search_term_string}\"},\"query-input\":{\"@type\":\"PropertyValueSpecification\",\"valueRequired\":true,\"valueName\":\"search_term_string\"}}],\"inLanguage\":\"ro-RO\"},{\"@type\":\"Organization\",\"@id\":\"https:\\\/\\\/magazin.lions.md\\\/#organization\",\"name\":\"Magazin Lions\",\"url\":\"https:\\\/\\\/magazin.lions.md\\\/\",\"logo\":{\"@type\":\"ImageObject\",\"inLanguage\":\"ro-RO\",\"@id\":\"https:\\\/\\\/magazin.lions.md\\\/#\\\/schema\\\/logo\\\/image\\\/\",\"url\":\"https:\\\/\\\/magazin.lions.md\\\/wp-content\\\/uploads\\\/Logo-new-lions-magazin.png\",\"contentUrl\":\"https:\\\/\\\/magazin.lions.md\\\/wp-content\\\/uploads\\\/Logo-new-lions-magazin.png\",\"width\":1500,\"height\":500,\"caption\":\"Magazin Lions\"},\"image\":{\"@id\":\"https:\\\/\\\/magazin.lions.md\\\/#\\\/schema\\\/logo\\\/image\\\/\"},\"sameAs\":[\"https:\\\/\\\/www.facebook.com\\\/share\\\/1CGxaBPpsm\\\/?mibextid=wwXIfr\",\"https:\\\/\\\/www.instagram.com\\\/lions.jewellery.md\"]}]}<\/script>\n<!-- \/ Yoast SEO plugin. -->","yoast_head_json":{"title":"Politica de confiden\u021bialitate \u2013 magazin.lions.md","description":"Afl\u0103 cum magazin.lions.md colecteaz\u0103, utilizeaz\u0103 \u0219i protejeaz\u0103 datele personale ale clien\u021bilor, \u00een conformitate cu GDPR.","robots":{"index":"index","follow":"follow","max-snippet":"max-snippet:-1","max-image-preview":"max-image-preview:large","max-video-preview":"max-video-preview:-1"},"canonical":"https:\/\/magazin.lions.md\/index.php\/politica-de-confidentialitate\/","og_locale":"ro_RO","og_type":"article","og_title":"Politica de confiden\u021bialitate \u2013 magazin.lions.md","og_description":"Afl\u0103 cum magazin.lions.md colecteaz\u0103, utilizeaz\u0103 \u0219i protejeaz\u0103 datele personale ale clien\u021bilor, \u00een conformitate cu GDPR.","og_url":"https:\/\/magazin.lions.md\/index.php\/politica-de-confidentialitate\/","og_site_name":"Magazin Lions","article_publisher":"https:\/\/www.facebook.com\/share\/1CGxaBPpsm\/?mibextid=wwXIfr","article_modified_time":"2025-12-19T10:48:45+00:00","twitter_card":"summary_large_image","twitter_misc":{"Timp estimat pentru citire":"7 minute"},"schema":{"@context":"https:\/\/schema.org","@graph":[{"@type":"WebPage","@id":"https:\/\/magazin.lions.md\/index.php\/politica-de-confidentialitate\/","url":"https:\/\/magazin.lions.md\/index.php\/politica-de-confidentialitate\/","name":"Politica de confiden\u021bialitate \u2013 magazin.lions.md","isPartOf":{"@id":"https:\/\/magazin.lions.md\/#website"},"datePublished":"2023-02-14T15:28:21+00:00","dateModified":"2025-12-19T10:48:45+00:00","description":"Afl\u0103 cum magazin.lions.md colecteaz\u0103, utilizeaz\u0103 \u0219i protejeaz\u0103 datele personale ale clien\u021bilor, \u00een conformitate cu GDPR.","breadcrumb":{"@id":"https:\/\/magazin.lions.md\/index.php\/politica-de-confidentialitate\/#breadcrumb"},"inLanguage":"ro-RO","potentialAction":[{"@type":"ReadAction","target":["https:\/\/magazin.lions.md\/index.php\/politica-de-confidentialitate\/"]}]},{"@type":"BreadcrumbList","@id":"https:\/\/magazin.lions.md\/index.php\/politica-de-confidentialitate\/#breadcrumb","itemListElement":[{"@type":"ListItem","position":1,"name":"Prima pagin\u0103","item":"https:\/\/magazin.lions.md\/"},{"@type":"ListItem","position":2,"name":"Politica de confiden\u021bialitate"}]},{"@type":"WebSite","@id":"https:\/\/magazin.lions.md\/#website","url":"https:\/\/magazin.lions.md\/","name":"Magazin Lions","description":"Magazin de bijuterie","publisher":{"@id":"https:\/\/magazin.lions.md\/#organization"},"potentialAction":[{"@type":"SearchAction","target":{"@type":"EntryPoint","urlTemplate":"https:\/\/magazin.lions.md\/?s={search_term_string}"},"query-input":{"@type":"PropertyValueSpecification","valueRequired":true,"valueName":"search_term_string"}}],"inLanguage":"ro-RO"},{"@type":"Organization","@id":"https:\/\/magazin.lions.md\/#organization","name":"Magazin Lions","url":"https:\/\/magazin.lions.md\/","logo":{"@type":"ImageObject","inLanguage":"ro-RO","@id":"https:\/\/magazin.lions.md\/#\/schema\/logo\/image\/","url":"https:\/\/magazin.lions.md\/wp-content\/uploads\/Logo-new-lions-magazin.png","contentUrl":"https:\/\/magazin.lions.md\/wp-content\/uploads\/Logo-new-lions-magazin.png","width":1500,"height":500,"caption":"Magazin Lions"},"image":{"@id":"https:\/\/magazin.lions.md\/#\/schema\/logo\/image\/"},"sameAs":["https:\/\/www.facebook.com\/share\/1CGxaBPpsm\/?mibextid=wwXIfr","https:\/\/www.instagram.com\/lions.jewellery.md"]}]}},"_links":{"self":[{"href":"https:\/\/magazin.lions.md\/index.php\/wp-json\/wp\/v2\/pages\/21406","targetHints":{"allow":["GET"]}}],"collection":[{"href":"https:\/\/magazin.lions.md\/index.php\/wp-json\/wp\/v2\/pages"}],"about":[{"href":"https:\/\/magazin.lions.md\/index.php\/wp-json\/wp\/v2\/types\/page"}],"author":[{"embeddable":true,"href":"https:\/\/magazin.lions.md\/index.php\/wp-json\/wp\/v2\/users\/1"}],"replies":[{"embeddable":true,"href":"https:\/\/magazin.lions.md\/index.php\/wp-json\/wp\/v2\/comments?post=21406"}],"version-history":[{"count":3,"href":"https:\/\/magazin.lions.md\/index.php\/wp-json\/wp\/v2\/pages\/21406\/revisions"}],"predecessor-version":[{"id":95393,"href":"https:\/\/magazin.lions.md\/index.php\/wp-json\/wp\/v2\/pages\/21406\/revisions\/95393"}],"wp:attachment":[{"href":"https:\/\/magazin.lions.md\/index.php\/wp-json\/wp\/v2\/media?parent=21406"}],"curies":[{"name":"wp","href":"https:\/\/api.w.org\/{rel}","templated":true}]}}